2*n + 5 = 3*n + 3*r, 4*n - 2*r = 6. Suppose 3*f + 160 - 387 = -n*l, -344 = -3*l - f. List the prime factors of l.
5, 23
Suppose 4*u = -0*i - 2*i + 348, -5*i = 3*u - 261. What are the prime factors of u?
3, 29
Let d be (-72)/(-27)*6/4. List the prime factors of (10 + -12)/(d/(-38)).
19
Let i = 60 - 44. List the prime factors of (-168)/(i/(-4)) - -1.
43
Suppose -16 - 70 = -h. Let n = h - 25. Suppose 3*c - 4*v - 29 = -2*v, 5*c = -3*v + n. What are the prime factors of c?
11
Let i = -4502 + 6680. List the prime factors of i.
2, 3, 11
Suppose 0 = 2*d + f - 24, -34 = -3*d + 2*f - 3*f. Suppose 0 = y - 3*v + 12, v + 4*v = d. Let u(o) = o**2 + 5*o + 6. List the prime factors of u(y).
2, 3
Let j(d) = -70*d - 333. What are the prime factors of j(-14)?
647
Suppose -13*m = -12*m - 3. Suppose -b = -2*w + b + 62, m*w + 4*b = 72. What are the prime factors of w?
2, 7
Let f(g) be the third derivative of 51*g**4/4 + 5*g**3/6 - 7*g**2 - 5. What are the prime factors of f(1)?
311
Let n(g) = g**2 - 78. List the prime factors of n(16).
2, 89
Let l be -1 + 16/6 - 1/(-3). What are the prime factors of (-7)/(14/(-4))*101/l?
101
Suppose 0 = -10*d + 11*d + 2. Let b be (-6)/d + (1 - -1). Suppose -b = -4*l + 15. List the prime factors of l.
5
Suppose 12*i + 30*i - 22848 = 0. What are the prime factors of i?
2, 17
Let v = 832 + -502. What are the prime factors of v?
2, 3, 5, 11
List the prime factors of 66/(-88) + (-15321)/(-12).
2, 11, 29
List the prime factors of (-1)/(2/6) + (2422 - -11).
2, 3, 5
Suppose k = 4*b - 9, -22 = 4*k - 2. Let p = b - -2. Suppose p*j - 3*t = 84, -5*t - 17 = -2*j + 45. What are the prime factors of j?
2, 13
Suppose 0 = 3*r - 12 - 18. Suppose r*y = -0*y + 170. List the prime factors of y.
17
Let b be (-3)/(4 - (-22)/(-4)). Suppose l + b*d - 25 = -4*l, 5*l = -4*d + 35. Suppose l*w = 2*w + 47. What are the prime factors of w?
47
Let v be 2/18 + 9/(-81). Suppose 0 = -v*k + 2*k - 454. List the prime factors of k.
227
Suppose 0 = 3*w + 4*t - 14826, 5*w + 5*t - 9314 - 15396 = 0. List the prime factors of w.
2, 7, 353
Suppose -3720 = -10*a + 5*a. Suppose -a = -12*z + 4*z. List the prime factors of z.
3, 31
Let i be 10*(-3)/12*-6. Let z(j) = 21 + i + 4*j**3 - 3*j**3. What are the prime factors of z(0)?
2, 3
Let q(l) = -2*l**2 - 9*l + 8. Let i be q(-7). Let z = -9 - i. Suppose -69 = -3*s - 4*w, -3*s - 2*w + z = -45. What are the prime factors of s?
19
Let p = -6 + 9. Suppose -5*d = a - 162, 2*d - 156 = -p*d + 2*a. What are the prime factors of d?
2
Suppose -5512 = -12*b + 8*b + 4*d, -b + 1353 = 4*d. What are the prime factors of b?
1373
Suppose 3 = -3*j, -3*c = j + 3*j + 214. Let b = -30 - c. List the prime factors of b.
2, 5
Let k = 848 - -435. List the prime factors of k.
1283
Suppose 3*w = 5*k + 235, -k - 125 = -2*w - 4*k. Suppose -t + 11 = -w. List the prime factors of t.
3
Suppose t = 5*t + 176. Let u = t - -68. What are the prime factors of u?
2, 3
Let i be (-2)/(-5) - 5/(75/6). Suppose -2*a + i*a + 94 = 0. What are the prime factors of a?
47
What are the prime factors of 2/4 - -2*3004/16?
2, 47
List the prime factors of 4/7 - (-6220832)/1736.
2, 7
Let d(i) = i**3 - 17*i**2 - 18*i - 5. Let u be d(18). List the prime factors of 59 + 10/u + 3.
2, 3, 5
Let q be (-3)/((-264)/(-1245) + (-2)/10). Let z = -152 - q. List the prime factors of z.
97
Let m(w) = -6*w - 38. List the prime factors of m(-36).
2, 89
Suppose -54*d + 58815 = -15435. What are the prime factors of d?
5, 11
Let v be 10/(68/64 - 1). Let c be 2/(-9) - v/(-72). Suppose a + r = 49, -c*r - 86 = -2*a - r. What are the prime factors of a?
3, 5
Let g = 842 - 386. List the prime factors of g.
2, 3, 19
Let q(m) = -m**3 + 9*m**2 + 3*m + 5. Let n be q(-5). Suppose 8*k - 268 = n. List the prime factors of k.
2, 19
Let r(q) = -2*q - 2*q**2 - 4*q + 2 - q + 3*q**2. Let t be r(5). Let u = 13 + t. List the prime factors of u.
5
Let p = -4 + 7. Suppose n - 147 + 40 = -p*w, -2*n - 4*w = -208. List the prime factors of n.
2, 7
Let i = -1129 - -2746. List the prime factors of i.
3, 7, 11
Suppose -299969 - 21871 = -120*v. What are the prime factors of v?
2, 3, 149
Suppose 10*v - 4*w + 1205 = 15*v, 0 = 2*v + 4*w - 470. List the prime factors of v.
5, 7
Let l = 7 - 3. Suppose 4*r = -l*h + 60, 5*h + 9 = 4*r - 6. Suppose 5*s - 3*s - r = 0. List the prime factors of s.
5
List the prime factors of -906*(-5 - (-63)/14).
3, 151
Suppose 0 = 5*s - 5*d + 3*d - 101, 3*d = -5*s + 86. Let y be 918/33 + (-4)/(-22). Let t = y - s. What are the prime factors of t?
3
List the prime factors of 88*(8 - (-30)/((-20)/4)).
2, 11
Let p(s) be the first derivative of -1/2*s**2 - 5 + s + 1/3*s**3. What are the prime factors of p(4)?
13
List the prime factors of ((-10)/4 + 5)*34.
5, 17
What are the prime factors of (60/(-24))/(10/(-1848))?
2, 3, 7, 11
Let z(k) be the second derivative of k**4/12 + 5*k**3/6 - 7*k**2/2 - 4*k. Let x be z(6). Let p = x - 25. What are the prime factors of p?
2, 17
Let t(s) = 62*s**3 + s**2 - s + 1. Let c(r) = -r**3 - 4*r**2 - r - 14. Let m be c(-5). Suppose 0 = -m*f + 12*f + 4. List the prime factors of t(f).
3, 7
Let q be 9/(-27) - 2024/(-6). Suppose -5*d - 2*n + q = 0, 2*d - 4*n + 260 = 6*d. What are the prime factors of d?
3, 23
Suppose -13 + 16 = -g, -6431 = -4*l + 5*g. What are the prime factors of l?
2, 401
Let a be (-8)/(2/(-4)*4). Let y = a + -6. What are the prime factors of (-14 + y)*1/(-2)?
2
Let q(b) = -3 + 7*b - 5 + 4 + 2 + 3*b**2. List the prime factors of q(-6).
2
Suppose -45*h - 3771 = -54*h. List the prime factors of h.
419
Let o be (-12)/5*25/(-10). What are the prime factors of (-2 + (-399)/o)*(0 - 2)?
137
Suppose -4*s = -4*u - u + 44, 0 = u - 5*s - 13. Suppose -190 = -2*q - u. What are the prime factors of q?
7, 13
Let r = 97 - 93. Suppose o = -r*a - 2*o + 513, -3*a + 390 = 4*o. What are the prime factors of a?
2, 3, 7
Let r(y) = y**3 + 11*y**2 + 8*y - 8. Let g be r(-7). Let d be (g/(-5))/(21/(-70)). Suppose -13*m + d = -11*m. What are the prime factors of m?
2, 11
Suppose -4*r - 8 = 3*q, 5*q = -3*r + r + 10. Suppose 2*s = q*s - 136. List the prime factors of s.
2, 17
Let d(k) = 3*k**2 + 18*k + 7. Let n(x) = 8*x**2 + 55*x + 20. Let t(b) = -11*d(b) + 4*n(b). List the prime factors of t(19).
2, 3, 5
Let p(u) = u**3 - 4*u + 495. What are the prime factors of p(0)?
3, 5, 11
List the prime factors of (-9654)/(-24) + 2/(-8).
2, 3, 67
Let y = 69 + -10. Let q = y + 14. List the prime factors of q.
73
Let r = -14 - -17. Suppose -102 - 171 = -r*n. What are the prime factors of n?
7, 13
Let y(j) = 7*j**2 + 2*j + 5*j + j**3 + 0*j**3 + 2*j. List the prime factors of y(-5).
5
Let c = 456 + -90. What are the prime factors of c?
2, 3, 61
Let d(j) = -j - 13. Let p be d(12). Let w = p - -32. Let k(t) = t**2 + 4*t - 18. List the prime factors of k(w).
59
Let l = -79 - -3814. List the prime factors of l.
3, 5, 83
Suppose x + 6 = 5*u, -2*u + 5*u = -4*x + 22. What are the prime factors of 3 - (-1321)/9 - u/(-9)?
2, 3, 5
Suppose -45*u - 12 = -43*u. Let i(m) = m**2 - 4*m - 7. List the prime factors of i(u).
53
Let c = -6 - -8. List the prime factors of 1/c*(-2052)/(-9) - -1.
5, 23
What are the prime factors of (72/(-30))/(6/(-2235))?
2, 3, 149
What are the prime factors of 3*7/(-42)*-674?
337
Suppose -2 = 6*v - 7*v. Suppose 3*n + v*b - 547 = -2*b, 539 = 3*n - 4*b. What are the prime factors of n?
181
Suppose 3*u = -5*c + 326, 3*u = -2*c - 0*c + 125. Suppose -h + 0 = -4*o + c, 4*h = -o - 217. Let n = -33 - h. List the prime factors of n.
2, 11
Suppose -2*z - 4*h + 276 = 0, -3*h + 8 = -h. Suppose 2*g - 4*g + 58 = a, 0 = -4*g + 5*a + z. What are the prime factors of g?
2, 3, 5
Suppose 592 = -9*t + 1348. What are the prime factors of t?
2, 3, 7
Suppose -2*b - 14 = -5*l, -3*b + 7 - 5 = 4*l. What are the prime factors of (1/l*3)/(87/6728)?
2, 29
Suppose 2*p + 848 = 2*l, 3 = -2*p + 1. Suppose -t = -4*s - 137, -3*t + 2*s = -l - 28. List the prime factors of t.
3, 17
Let d(i) = 2*i**2 + 10*i - 16. List the prime factors of d(-13).
2, 3
Let n be ((-88)/33)/((-2)/(-45)). Let h be 3/(9*(-2)/n). Suppose 5*g + h = 0, 0 = m - 0*g + 2*g - 50. List the prime factors of m.
2, 3
Suppose 24*w = 47*w - 3473. What are the prime factors of w?
151
Let o(c) = 2*c**2 - 15*c - 9. List the prime factors of o(-5).
2, 29
Suppose 28*v = 